 = -b**3 + 6*b**2 - 7*b + 6. Let p be f(5). Let k = -2 - p. Suppose 6 = k*m - 0*m. What is the units digit of m?
3
Let r(h) = -h**2 + 8*h + 9. Let u(g) = -3*g**2 + 24*g + 27. Let y(a) = 8*r(a) - 3*u(a). Let m be y(9). Suppose 2*z + m*z = 10. What is the units digit of z?
5
What is the tens digit of (8*(-7)/(-3))/((-3)/(-18))?
1
Let w(q) be the third derivative of 7*q**6/120 - q**5/30 + q**4/12 - q**3/6 + q**2. Suppose 4 = 4*z - 0*z. What is the units digit of w(z)?
6
Suppose -5*n - a = -559, -n + 0*a + 114 = -2*a. What is the units digit of n?
2
Suppose 17 = -b + q, 0 = -b + q + 2*q - 9. Suppose -5*s = 25, -s + 21 = 2*a + 56. Let p = a - b. What is the units digit of p?
6
Let q(i) = i**2 - 6*i + 5. Let s be q(6). Suppose m - 40 = 25. Suppose -m - 9 = -s*g - n, 4*g = 3*n + 44. What is the units digit of g?
4
What is the units digit of 2/(-1*2/(-9))?
9
Let w(g) = g**3 + 6*g**2 - 27*g + 7. What is the units digit of w(-8)?
5
Let d = 2 + -1. Let z = d + 17. What is the units digit of z?
8
Let q = 4 + -16. Let u = 1 - q. What is the units digit of u?
3
Suppose -46 - 49 = -5*o. What is the tens digit of o?
1
Let y = -117 + 214. What is the units digit of y?
7
What is the units digit of ((-234)/27)/(4/(-18))?
9
Let k(i) = -i**3 + 12*i**2 - 11*i - 8. Let v be k(11). Let q(c) = c**2 + 7*c. What is the units digit of q(v)?
8
Suppose -2*n - 2*w - 16 = 0, -w + 3 = 8. Let o be (0/2)/(6/n). Suppose o = c + c - 6. What is the units digit of c?
3
What is the units digit of (0 - 4) + 39 + (-1 - 0)?
4
Let q = 6 + -4. Suppose -3*x = k + x + 12, q*k - 6 = -2*x. Suppose j = 2*j - k. What is the units digit of j?
8
What is the units digit of (1/(-2))/(1 + 1315/(-1310))?
1
Let i be (-42)/5 - (-8)/20. Let n = 0 - i. What is the units digit of n?
8
Let c be (-2)/10 - (-42)/10. Suppose -c*z - 17 = -n, 2*n + 3*z = 2*z - 2. Let w = 3 - n. What is the units digit of w?
2
Let u(r) = r**3 - r**2 - 8*r - 16. What is the tens digit of u(5)?
4
Let c(s) = 5*s**2 + 1. Let j be c(1). What is the units digit of (8/j)/((-2)/(-6))?
4
Let l be 30 + (-2)/(-2)*-2. Let p be 1/(22/(-8) + 3). Suppose l = p*c - y + 4*y, -4*c + 20 = y. What is the units digit of c?
4
Let r(l) = -2*l + 2. What is the units digit of r(-7)?
6
Suppose 6 = 2*i - 2. Suppose -3*s = -i*b - 2, b - 9 = -5*s + 2*b. What is the units digit of s?
2
Let b = 33 - 20. Suppose -b = 2*j - 61. Let z = j - 7. What is the units digit of z?
7
Let j be -5 - (-2 + 1 - -2). Let g be -4*(-1)/(-4)*j. What is the units digit of (0 - g)*1/(-2)?
3
Let n(i) = 13*i**2 + 12*i + 8. What is the tens digit of n(-5)?
7
Let l(p) = 3*p**2 + 16*p + 7. Let n(a) = -10*a**2 - 49*a - 20. Let r(y) = -7*l(y) - 2*n(y). What is the tens digit of r(-7)?
4
Suppose -92 = -3*u + 82. What is the tens digit of u?
5
Suppose x + 2*z + 12 = -0*z, 3*x = 3*z - 9. Let i(a) = -a**3 - 7*a**2 - 6*a + 2. Let h be i(x). What is the units digit of (3 + -5)/(h/(-7))?
7
Let s(n) = 3*n + 1 - 4 + 4 - 3. Let p be s(2). Suppose -o + 60 = p*o. What is the tens digit of o?
1
Let c be 1 - (-4 + -1 + 3). Suppose 4*z - 5*z = c. Let m = -1 - z. What is the units digit of m?
2
Let h = 2 - 2. Suppose y - l = h, 3*l = -4*y + 23 - 2. What is the units digit of y?
3
Let a = 10 - 5. Suppose 0 = 5*d - 10, -m - 8 + 0 = -a*d. Suppose -4 = -m*o + o. What is the units digit of o?
4
Let u be (11/(-2))/(1/(-12)). Suppose 3*z + 12 = u. What is the units digit of z?
8
Let i be 0 + -1 + 1*4. Let u be (7 - -1)*(-50)/(-8). Suppose i = -3*p - 0, -u = -4*d - 2*p. What is the units digit of d?
3
Suppose -2*p = -12 + 4. What is the units digit of p?
4
What is the tens digit of (2 - 16/12)/((-1)/(-123))?
8
Let r = 184 + -86. What is the units digit of r?
8
Let n = -1 + -9. Let z be (-9)/(-5) - 2/n. Suppose 0*j + 12 = z*j. What is the units digit of j?
6
Let y(r) = 22*r - 6. What is the tens digit of y(2)?
3
Let v be (-4)/8 + (-13)/(-2). Let r = v + 0. What is the units digit of r?
6
Let j(x) = x**2 + 6*x - 6. Let s be j(-7). Let p = -1 - s. Let k = p + 4. What is the units digit of k?
2
Suppose -4*i = -3*i - 3*m - 11, i - 2*m - 8 = 0. Suppose 0 = -0*s - s + 24. Suppose 5*b = -2*o + 4 - i, s = 4*b - 4*o. What is the units digit of b?
2
Let x be (-27)/(-4) - (-2)/8. Suppose x = 4*r - 3*r. What is the units digit of r?
7
Suppose 4*m = m - 3*r, 3*m = 3*r - 30. Let n = 9 + m. What is the units digit of n?
4
Suppose 156 + 9 = 5*l. Suppose l = 2*t - 45. What is the units digit of t?
9
Suppose 255*o + 322 = 257*o. What is the units digit of o?
1
Suppose 2*n - 3*n + 3 = 0. Suppose -4*m - 3*v + v + 24 = 0, -n*m = 2*v - 16. What is the units digit of m?
8
Suppose 4*o + 4*j - 466 = -38, -o + j = -111. What is the units digit of o?
9
Let b(d) = 4*d**2 + d - 3*d + d. Let a be b(-1). Suppose 5*p + i + 0*i = 14, 0 = -a*i - 5. What is the units digit of p?
3
Let l(x) = x**3 - 5*x**2 - 8*x + 8. Let n be l(6). What is the units digit of (-9)/n - (-3)/4?
3
Suppose 2*l - 3*l = -s - 82, -5*l - 2*s = -396. Suppose c - 5*c = -l. What is the tens digit of c?
2
Suppose -r = -4*r + 6. Suppose r + 0 = -c + i, 0 = -2*c + i. Suppose d = -c*d + 39. What is the tens digit of d?
1
Suppose -5*j = 7 + 143. Let a = -18 - j. What is the units digit of a?
2
Let c(z) be the third derivative of -11*z**4/24 + z**3/6 - 27*z**2. Suppose 0 = w + 5, 0 = r - 0*w - 2*w - 9. What is the tens digit of c(r)?
1
Let z = -515 - -748. What is the units digit of z?
3
Let u(s) = -s**3 - 7*s**2 - 10*s - 4. What is the tens digit of u(-8)?
4
Suppose 0 = -h + 2, -2*h + 0 = -2*t - 8. Let m = t - -8. What is the units digit of m?
6
Let a = -4 - -4. Suppose -3*x + 39 = -a*x. What is the tens digit of x?
1
Let y(i) = -6*i - 8. Let n be y(-9). Suppose -52 = -5*l + b, -5*l - 2*b + n = -5*b. What is the tens digit of l?
1
Let m be (-42)/(-15) + 2/10. Suppose -s + m*s = 6. Suppose -f + 15 = -s*t, 2 = -2*f + 4*f + t. What is the units digit of f?
3
Let v = 0 - -2. Let w(a) = -a**3 + 3*a**2 + 3*a - 3. Let j be w(-3). Suppose -5*i = -j + v. What is the units digit of i?
8
Let f = 120 + -85. What is the tens digit of f?
3
Let l = 0 - 0. Let h be l/((2/(-1))/2). Let f = h - -8. What is the units digit of f?
8
Let x be ((-8)/10)/((-4)/20). What is the units digit of ((-12)/x)/(-4 - -1)?
1
Suppose 0 = -4*m + 5*c + 401, m - c - 58 - 43 = 0. What is the hundreds digit of m?
1
Suppose -3*h + 6*h - 5*s = -25, 2*s - 10 = 3*h. What is the tens digit of (-26 + h)/(-7 + 5)?
1
Let s(j) = -j**3 + 8*j**2 + j - 6. Suppose -8 = h - 4*p, 3*p = -3*h - 0*p + 36. What is the units digit of s(h)?
2
Suppose -3 = -0*v + 4*v + 3*f, v - 3*f = 3. Let n be 2 - (-1 - (v + 0)). Suppose 6*r = n*r + 60. What is the units digit of r?
0
Suppose -2*p = -29 - 17. What is the tens digit of p?
2
What is the units digit of (-6)/(-3) - -2 - -11?
5
Suppose -k + 0*k + 17 = 0. Suppose 0 = u - 4*l + k, 4*u - 2 = 3*l - 5. Suppose 3*p = -4*a + 13, 0 = p - 0*p - u*a - 26. What is the units digit of p?
1
Suppose 4*u = -5*v + 68, -5*u - 5*v + 75 + 5 = 0. Let a = u - 7. Suppose 2*d = 19 - a. What is the units digit of d?
7
Suppose 3*l = 37 + 131. What is the tens digit of l?
5
Let l(g) = -g**2 - 9*g - 6. Suppose 0 = -3*m - d + 14, -2*d + 31 = 2*m + 3*d. Suppose -m*f - 3*t = -f + 25, f = 5*t + 7. What is the units digit of l(f)?
2
Let f(d) = -d**2 + 7*d + 2. What is the units digit of f(7)?
2
What is the tens digit of ((-8)/(-16))/(339/338 - 1)?
6
Suppose -4*z = 5*f - 243, 4*f - 257 = -5*z + 58. What is the units digit of z?
7
Let g = 343 - 170. What is the hundreds digit of g?
1
Let x(m) = -m**3 + 2*m**2 + m + 1. Let b be x(4). Let r = b + 54. What is the tens digit of r?
2
What is the units digit of (-2181)/(-12) - (-35)/28?
3
Suppose 0 = -4*p - 23 + 7. Let q be 415/(-20) + 1/p. Let b = -11 - q. What is the units digit of b?
0
Suppose 0 = -5*r + 3*r + 8. Suppose -d = 0, 2*d - 6*d = r*i - 8. What is the units digit of i/10 - (-88)/10?
9
Suppose 2*m - 137 = -5*l + 75, m + 3*l = 105. What is the hundreds digit of m?
1
Suppose -12*r = -14*r + 134. What is the tens digit of r?
6
Let m(t) = -t**3 + 7*t**2 - t + 6. Let z be m(7). Let s = z + 6. Suppose -l = -s*l + 24. What is the units digit of l?
6
What is the tens digit of (-8)/(-10)*(54 + -4)?
4
Suppose -350 = -4*y - y. What is the units digit of y?
0
Let o(y) = -y**3 + 3